 the hundreds digit of 39211068?
0
What is the millions digit of 301326034?
1
What is the tens digit of 7121393299?
9
What is the hundred millions digit of 238696120?
2
What is the millions digit of 1384879743?
4
What is the hundred millions digit of 1473216175?
4
What is the tens digit of 265296869?
6
What is the millions digit of 638442585?
8
What is the hundreds digit of 825460809?
8
What is the hundred millions digit of 152984787?
1
What is the ten thousands digit of 199120360?
2
What is the tens digit of 85966888?
8
What is the tens digit of 1197819445?
4
What is the millions digit of 130433624?
0
What is the millions digit of 62428317?
2
What is the tens digit of 104844499?
9
What is the ten thousands digit of 53077039?
7
What is the tens digit of 1916670331?
3
What is the millions digit of 1172959445?
2
What is the units digit of 6300434?
4
What is the hundreds digit of 826587447?
4
What is the hundreds digit of 1716402183?
1
What is the units digit of 636578524?
4
What is the millions digit of 1793678610?
3
What is the millions digit of 723298542?
3
What is the millions digit of 132166311?
2
What is the millions digit of 271419929?
1
What is the hundred thousands digit of 3435899234?
8
What is the units digit of 386464260?
0
What is the ten thousands digit of 15408861?
0
What is the hundred thousands digit of 1175628367?
6
What is the hundred millions digit of 208780397?
2
What is the ten thousands digit of 65642199?
4
What is the hundred millions digit of 267550207?
2
What is the hundreds digit of 829214214?
2
What is the ten millions digit of 138274880?
3
What is the hundred millions digit of 167166570?
1
What is the ten millions digit of 68120134?
6
What is the ten thousands digit of 320596872?
9
What is the millions digit of 308663486?
8
What is the ten thousands digit of 196357082?
5
What is the tens digit of 1561768979?
7
What is the tens digit of 162795806?
0
What is the millions digit of 6112567804?
2
What is the millions digit of 103228990?
3
What is the units digit of 939319066?
6
What is the millions digit of 57126889?
7
What is the thousands digit of 38122649?
2
What is the ten millions digit of 70870078?
7
What is the ten millions digit of 3496457706?
9
What is the millions digit of 172631362?
2
What is the hundreds digit of 21851456?
4
What is the ten thousands digit of 119678817?
7
What is the units digit of 746105643?
3
What is the ten millions digit of 20867063?
2
What is the ten thousands digit of 46023496?
2
What is the tens digit of 413959961?
6
What is the thousands digit of 4384885282?
5
What is the units digit of 15028202?
2
What is the hundreds digit of 15904857?
8
What is the units digit of 70736847?
7
What is the billions digit of 1305166930?
1
What is the thousands digit of 4610788959?
8
What is the ten millions digit of 134934297?
3
What is the tens digit of 4692617383?
8
What is the ten millions digit of 3557631637?
5
What is the hundred millions digit of 2380279573?
3
What is the millions digit of 418366179?
8
What is the tens digit of 99997667?
6
What is the hundred thousands digit of 2282401846?
4
What is the ten millions digit of 1199304604?
9
What is the thousands digit of 139755144?
5
What is the millions digit of 57089079?
7
What is the millions digit of 35751178?
5
What is the thousands digit of 260795025?
5
What is the units digit of 46241309?
9
What is the tens digit of 897398254?
5
What is the hundreds digit of 2104106627?
6
What is the ten thousands digit of 1790872930?
7
What is the units digit of 290550665?
5
What is the millions digit of 16513990?
6
What is the millions digit of 4567475236?
7
What is the ten millions digit of 6398002013?
9
What is the thousands digit of 517495745?
5
What is the thousands digit of 46950129?
0
What is the units digit of 211022001?
1
What is the ten thousands digit of 843795543?
9
What is the ten thousands digit of 2254270011?
7
What is the hundred millions digit of 412015415?
4
What is the hundreds digit of 279928212?
2
What is the hundred millions digit of 973210008?
9
What is the hundred millions digit of 108072264?
1
What is the hundreds digit of 851235683?
6
What is the ten millions digit of 304895355?
0
What is the hundreds digit of 615487727?
7
What is the hundreds digit of 60754531?
5
What is the ten millions digit of 717276896?
1
What is the millions digit of 1103803572?
3
What is the ten thousands digit of 77376096?
7
What is the units digit of 43860074?
4
What is the hundred thousands digit of 15399578?
3
What is the hundred thousands digit of 167566247?
5
What is the hundred thousands digit of 3239869207?
8
What is the ten thousands digit of 9736072?
3
What is the millions digit of 88474407?
8
What is the hundred millions digit of 6696139054?
6
What is the thousands digit of 186068815?
8
What is the hundreds digit of 55107973?
9
What is the tens digit of 337599873?
7
What is the ten thousands digit of 926428504?
2
What is the tens digit of 1226313868?
6
What is the units digit of 2450738011?
1
What is the billions digit of 1261243608?
1
What is the millions digit of 42949355?
2
What is the ten millions digit of 5196995752?
9
What is the hundred thousands digit of 55058906?
0
What is the units digit of 4634210?
0
What is the hundred thousands digit of 99293425?
2
What is the hundreds digit of 267122179?
1
What is the thousands digit of 105899512?
9
What is the tens digit of 286598217?
1
What is the millions digit of 114746161?
4
What is the hundreds digit of 558813147?
1
What is the thousands digit of 106798553?
8
What is the ten millions digit of 633680253?
3
What is the ten thousands digit of 501657869?
5
What is the ten thousands digit of 50855371?
5
What is the thousands digit of 616109755?
9
What is the millions digit of 100270400?
0
What is the tens digit of 253466411?
1
What is the ten millions digit of 8693303741?
9
What is the ten millions digit of 300192023?
0
What is the units digit of 26294681?
1
What is the millions digit of 11234552?
1
What is the tens digit of 190144544?
4
What is the millions digit of 730128309?
0
What is the hundreds digit of 6728757?
7
What is the hundred thousands digit of 121254879?
2
What is the ten thousands digit of 269120311?
2
What is the hundred millions digit of 1670158517?
6
What is the hundred millions digit of 241319160?
2
What is the billions digit of 1559736491?
1
What is the hundreds digit of 86454589?
5
What is the hundred millions digit of 1285753543?
2
What is the units digit of 49412616?
6
What is the hundred thousands digit of 454922191?
9
What is the tens digit of 357823924?
2
What is the tens digit of 2201388177?
7
What is the hundred millions digit of 3932575506?
9
What is the ten millions digit of 4561027080?
6
What is the hundred millions digit of 115769591?
1
What is the units digit of 388909789?
9
What is the thousands digit of 45034934?
4
What is the millions digit of 261688863?
1
What is the tens digit of 7429411?
1
What is the hundred thousands digit of 625510761?
5
What is the thousands digit of 2888086531?
6
What is the hundred millions digit of 1994004653?
9
What is the hundred millions digit of 1726363842?
7
What is the ten thousands digit of 2470593403?
9
What is the billions digit of 4161107998?
4
What is the units digit of 13899725?
5
What is the ten thousands digit of 109310852?
1
What is the tens digit of 29161813?
1
What is the units digit of 910904960?
0
What is the tens digit of 72837285?
8
What is the hundred thousands digit of 96865472?
8
What is the ten millions digit of 2056103671?
5
What is the thousands digit of 673517850?
7
What is the ten thousands digit of 3827980714?
8
What is the hundred millions digit of 466147381?
4
What is the thousands digit of 30923416?
3
What is the ten thousands digit of 15337458?
3
What is the thousands digit of 4854977721?
7
What is the hundred millions digit of 1180918000?
1
What is the units digit of 12692801?
1
What is the hundreds digit of 55830650?
6
What is the millions digit of 109424532?
9
What is the units digit of 64467654?
4
What is the ten millions digit of 492417187?
9
What is the hundred thousands digit of 627374305?
3
What is the ten thousands digit of 11184373?
8
What is the ten millions digit of 38660514?
3
What is th